a prime number?
False
Is 42787 composite?
False
Is 6229 prime?
True
Is 21647 prime?
True
Is 89939 composite?
False
Is 29459 a prime number?
False
Is 417347 prime?
False
Is 439477 composite?
True
Is 801179 prime?
True
Is 391 composite?
True
Is 115727 a composite number?
False
Is 16961 a composite number?
True
Is 1925579 a composite number?
False
Is 28673 a composite number?
True
Is 467773 a composite number?
False
Is 751 composite?
False
Is 8623 a composite number?
False
Is 240491 a composite number?
False
Is 17218 composite?
True
Is 201163 prime?
True
Is 109241 prime?
False
Is 71401 a prime number?
False
Is 168799 composite?
True
Is 7451 a composite number?
False
Is 499 a prime number?
True
Is 29597 prime?
False
Is 2628481 a prime number?
True
Is 2971 a composite number?
False
Is 1121 composite?
True
Is 248689 a composite number?
True
Is 23159 composite?
False
Is 1123367 a prime number?
False
Is 199313 composite?
False
Is 29123 a prime number?
True
Is 809513 a composite number?
True
Is 14143 a composite number?
False
Is 3481 a prime number?
False
Is 7561 composite?
False
Is 4193 a composite number?
True
Is 24673 a prime number?
False
Is 1344709 prime?
True
Is 36361 a prime number?
False
Is 8401 prime?
False
Is 30854 a composite number?
True
Is 11777 a composite number?
False
Is 253499 a composite number?
True
Is 29429 a composite number?
False
Is 747361 prime?
True
Is 2531 a composite number?
False
Is 176573 composite?
False
Is 8977 a composite number?
True
Is 61637 composite?
False
Is 58039 a prime number?
False
Is 763 composite?
True
Is 67699 composite?
False
Is 1640987 prime?
False
Is 1151 prime?
True
Is 280113 composite?
True
Is 620162 composite?
True
Is 65053 a prime number?
True
Is 51013 prime?
False
Is 58013 a prime number?
True
Is 451 a composite number?
True
Is 341491 composite?
False
Is 7717 a composite number?
False
Is 468037 a composite number?
True
Is 1019149 prime?
False
Is 155587 prime?
False
Is 361637 a composite number?
False
Is 11467 prime?
True
Is 241733 composite?
True
Is 20283 a prime number?
False
Is 40661 composite?
True
Is 839 a prime number?
True
Is 98053 composite?
True
Is 89413 composite?
False
Is 26849 composite?
False
Is 2351 a composite number?
False
Is 244879 composite?
True
Is 111379 composite?
True
Is 2761 composite?
True
Is 24733 a composite number?
False
Is 328751 composite?
True
Is 29257 prime?
False
Is 1037009 a composite number?
True
Is 214813 composite?
True
Is 222461 a composite number?
False
Is 2888507 composite?
False
Is 688079 composite?
True
Is 1464461 prime?
True
Is 14386 composite?
True
Is 529381 composite?
False
Is 5449 composite?
False
Is 34807 composite?
False
Is 314 prime?
False
Is 1410781 prime?
True
Is 133 prime?
False
Is 515969 a prime number?
True
Is 3595 prime?
False
Is 24711 prime?
False
Is 153155 a composite number?
True
Is 132629 a prime number?
False
Is 6247 a prime number?
True
Is 769481 prime?
False
Is 1266019 a composite number?
False
Is 6139 prime?
False
Is 40739 a prime number?
True
Is 346585 composite?
True
Is 40841 composite?
False
Is 8923 prime?
True
Is 30239 a composite number?
True
Is 731447 a composite number?
False
Is 683 a composite number?
False
Is 3343 prime?
True
Is 250307 a composite number?
False
Is 182027 prime?
True
Is 201247 composite?
False
Is 2459 a composite number?
False
Is 2179 prime?
True
Is 12171 a prime number?
False
Is 325729 composite?
False
Is 258469 a prime number?
True
Is 13291 a composite number?
False
Is 2112307 a composite number?
False
Is 24029 prime?
True
Is 8287 a composite number?
False
Is 321 prime?
False
Is 4939 composite?
True
Is 740839 prime?
False
Is 18086 a composite number?
True
Is 108119 composite?
True
Is 45827 prime?
True
Is 1897 a prime number?
False
Is 3396551 a composite number?
False
Is 27439 composite?
True
Is 90227 a composite number?
False
Is 1637 a prime number?
True
Is 64319 a composite number?
False
Is 596123 a composite number?
True
Is 378671 composite?
False
Is 7283 composite?
False
Is 708209 a composite number?
True
Is 4673 a composite number?
False
Is 48947 a composite number?
False
Is 15857 composite?
True
Is 6029 a composite number?
False
Is 693149 composite?
False
Is 63577 prime?
True
Is 10663 prime?
True
Is 2430523 prime?
True
Is 17519 a prime number?
True
Is 1017539 a composite number?
False
Is 10723 a prime number?
True
Is 23243 composite?
True
Is 879 composite?
True
Is 12737 a prime number?
False
Is 10993 prime?
True
Is 605229 a prime number?
False
Is 437 prime?
False
Is 21977 a composite number?
False
Is 97213 a composite number?
False
Is 3407 a composite number?
False
Is 10007 a prime number?
True
Is 14371 a composite number?
True
Is 551281 a composite number?
False
Is 1088519 a prime number?
True
Is 118478 a composite number?
True
Is 32329 a composite number?
True
Is 6683 prime?
False
Is 146447 a prime number?
False
Is 2779 composite?
True
Is 48649 composite?
False
Is 1127317 prime?
False
Is 14207 prime?
True
Is 173473 a composite number?
False
Is 13951 a prime number?
False
Is 482093 a composite number?
False
Is 469 prime?
False
Is 205619 a composite number?
False
Is 1939 prime?
False
Is 44831 a composite number?
True
Is 30911 a composite number?
False
Is 39947 a composite number?
True
Is 199093 composite?
True
Is 50613 a prime number?
False
Is 84649 prime?
True
Is 28169 a prime number?
False
Is 223711 composite?
False
Is 67111 composite?
True
Is 20593 prime?
True
Is 350657 composite?
False
Is 404357 composite?
False
Is 40507 composite?
False
Is 390791 a composite number?
False
Is 63203 composite?
True
Is 12949 prime?
False
Is 6731 a prime number?
False
Is 875011 a composite number?
False
Is 696887 a composite number?
False
Is 143149 prime?
False
Is 67819 a composite number?
False
Is 17159 prime?
True
Is 245227 prime?
False
Is 160579 a prime number?
True
Is 9311 prime?
True
Is 24305 a prime number?
False
Is 675559 prime?
True
Is 285031 composite?
False
Is 7542805 a composite number?
True
Is 10313 composite?
False
Is 3659 a prime number?
True
Is 7411 prime?
True
Is 1543 a composite number?
False
Is 371737 prime?
True
Is 32687 a prime number?
True
Is 38113 a prime number?
True
Is 353299 composite?
True
Is 21467 prime?
True
Is 58889 prime?
True
Is 74237 a composite number?
True
Is 4502 a prime number?
False
Is 40769 a composite number?
True
Is 13793 prime?
False
Is 13033 prime?
True
Is 394543 prime?
False
Is 415861 a composite number?
False
Is 673 a prime number?
True
Is 749769 a composite number?
True
Is 128969 prime?
True
Is 78757 a composite number?
True
Is 410477 composite?
False
Is 145 prime?
False
Is 18741 a composite number?
True
Is 118741 a composite number?
True
Is 16735 a composite number?
True
Is 8059 a prime number?
True
Is 31667 composite?
False
Is 55541 a prime number?
True
Is 8781 prime?
False
Is 1399 prime?
True
Is 9967 a composite number?
False
Is 64747 a prime number?
True
Is 8045 a composite number?
True
Is 240613 a composite number?
True
Is 166373 a composite number?
True
Is 34829 composite?
True
Is 630005 a composite number?
True
Is 99677 a composite number?
True
Is 6899 prime?
True
Is 2745541 composite?
False
Is 128621 a composite number?
False
Is 2725501 composite?
False
Is 489329 a prime number?
True
Is 1459 a prime number?
True
Is 49919 prime?
True
Is 40949 prime?
True
Is 3041 a prime number?
True
Is 307531 prime?
False
Is 535039 prime?
False
Is 423341 a prime number?
True
Is 449617 prime?
False
Is 57637 a composite number?
False
Is 599321 composite?
False
Is 9691 composite?
True
Is 1311433 prime?
True
Is 45523 a prime number?
True
Is 56554 a prime number?
False
Is 370661 a composite number?
False
Is 7597 prime?
False
Is 10831 composite?
False
Is 613253 prime?
True
Is 157 composite?
False
Is 76619 a prime number?
False
Is 97169 composite?
False
Is 695771 prime?
True
Is 1291513 a composite number?
True
Is 79451 a prime number?
True
Is 1070863 prime?
False
Is 33717 a prime number?
False
Is 2875511 a prime number?
False
Is 1078591 a composite number?
True
Is 10513 prime?
True
Is 4831 composite?
False
Is 467 composite?
False
Is 107323 a composite number?
False
Is 39523 a composite number?
True
Is 309667 composite?
False
Is 319234 a composite number?
True
Is 442471 composite?
True
Is 14741